the units digit of (-18)/(-4)*8/18?
2
Let b(q) = q + 1. Let a(d) = 2*d + 1. Let g be a(3). Let f be b(g). Let p = f - 1. What is the units digit of p?
7
Let u = 448 - 226. What is the hundreds digit of u?
2
Let d(n) = 2*n + 18. Let p be d(-12). Let a(o) = -2*o**2 + o - 1. Let b be a(1). What is the units digit of 57/9 - b/p?
6
Let n = -114 - -165. What is the tens digit of n?
5
Let c(r) = 8*r - 5. Let w be c(6). Let o = -13 + w. What is the units digit of (-1)/(-2) - o/(-4)?
8
Let f = -3 + 6. Let z(y) = -f*y - y**3 + 4*y**2 + 2*y + 0*y**2. What is the units digit of z(3)?
6
Let u be ((-8)/5)/(10/(-25)). Suppose 0*w + 60 = -2*w. What is the units digit of u/(-10) - 282/w?
9
Suppose 4*g - 5*n + 16 = 0, -g - g + 5*n - 18 = 0. What is the units digit of (0 + g)/((-1)/(-2))?
2
Let c = 1039 - 714. What is the hundreds digit of c?
3
Suppose 3*c - 99 = 9. What is the tens digit of (-331)/(-9) - (-8)/c?
3
Let u(l) = 3*l**2 - 6*l - 22. What is the hundreds digit of u(-11)?
4
Suppose -3*j + 26 = -4*n, 0 = 2*n + 3*j + 4 - 0. Suppose -10 = -2*b - 0*b. What is the units digit of 42/b - (-2)/n?
8
Let b = -38 - -132. What is the units digit of b?
4
Let a be 85/3 - 9/27. Suppose 4*h - 32 = a. What is the units digit of (-2 - (1 + h))*-1?
8
Let v = -4 + 5. What is the tens digit of 0 + (-2 - -14) - v?
1
What is the units digit of 2*41/2 + 0?
1
Let w(c) = c**2 - 11*c - 18. Let f(l) = 0*l + 1 - 8 - l**2 + 7*l + 5*l. Let o be f(10). What is the units digit of w(o)?
8
Suppose 2*v + v = 0. Suppose -3*k - w + 73 = v, 54 = 2*k + 4*w - 2*w. What is the tens digit of k?
2
Let o = 20 - 3. Let u = o - 10. What is the units digit of u?
7
Let t(p) = p**2 - 5*p + 6. Let c be t(4). What is the units digit of (-4)/(-3 + c) + 0?
4
Suppose 5*j - 6*j + 15 = 0. What is the tens digit of j?
1
Let l be (1 + 1)*2/4. Let k be l - (-5)/((-5)/(-12)). Let t = k - 6. What is the units digit of t?
7
Let a = -80 + 217. What is the units digit of a?
7
Let l be -1 + (0 - -69)/3. Let d = l - 12. What is the tens digit of d?
1
Suppose -6*r + 3*r = 12, 85 = 3*m - r. What is the tens digit of m?
2
Let i = 18 + -21. What is the units digit of i + (3 - (0 + -2))?
2
Let l(h) = -17*h**3 + h**2 + h. Let w be l(-1). Let z = w + 7. What is the units digit of z?
4
Suppose 1244 = -12*g + 4700. What is the units digit of g?
8
Suppose -10 = -3*v + 5. What is the tens digit of 10/v + (-18)/(-2)?
1
Let d = -6 + 13. Let y = 30 - d. What is the units digit of y?
3
Let k(r) = 44*r - 5. What is the tens digit of k(3)?
2
Let d(r) = -17*r**2 - 4*r - 4. Let w be d(-3). What is the units digit of w/(-45) + 4/(-18)?
3
Let f(w) = -w**2 - 9*w - 6. What is the units digit of f(-7)?
8
Suppose g + 0*g = 0. Let b(y) = -y**2 - y + 3. Let f be b(g). Suppose 2*i - f*p - 18 = 0, -18 = -2*i - p + 3*p. What is the units digit of i?
9
Suppose 3*v + o = 249, 0*o + o - 333 = -4*v. What is the units digit of v?
4
Let x(g) = -10*g + 4. Let p(v) = 3*v - 1. Let r(o) = 14*p(o) + 4*x(o). Let s = -1 - -4. What is the units digit of r(s)?
8
Let t be ((-6)/(-9))/(1/3). Suppose -o = 2*n - 7*n - 58, -t*n - 2*o - 16 = 0. Let k = 22 + n. What is the units digit of k?
1
Let q(o) = -o**3 + 6*o**2 + 3*o - 5. What is the units digit of q(4)?
9
Let t(w) = 4*w**3 - 40*w**2 - 4*w + 9. Let d(p) = p**3 - 10*p**2 - p + 2. Let s(o) = -9*d(o) + 2*t(o). What is the units digit of s(10)?
0
Let h(m) = -52 - m**3 - m**2 + 0*m**3 + 107 - 54. Let r be 1 - (1 - -1) - 1. What is the units digit of h(r)?
5
Let h = -9 - -14. What is the units digit of (-3 + 4)*1 + h?
6
Let k(r) = -r**3 - 18*r**2 - 6*r - 13. What is the units digit of k(-18)?
5
Suppose 4*o - 85 + 13 = 0. What is the tens digit of o?
1
Suppose -q + 15 = -2. Suppose -2*o = -q - 21. What is the tens digit of o?
1
Suppose 39 = 2*y - 3*s, -5*y + 3*s = -4*y - 21. Suppose 0 = 7*m - 4*m - y. Let d = 12 - m. What is the units digit of d?
6
Let t(j) be the third derivative of -3*j**2 + 0*j + 1/2*j**3 - 1/12*j**4 + 0. What is the units digit of t(-4)?
1
Let s(b) = -b**3 + b**2 + b - 1. Let v(g) = 5*g**3 - 10*g**2 - 6*g + 3. Let m(r) = -6*s(r) - v(r). What is the units digit of m(-3)?
2
Let q be (-18)/4 + (-5)/(-10). Let j(b) = b**2 - 5. What is the units digit of j(q)?
1
Suppose -3*c + 5*x = 178, -7*c + 3*c - 276 = 3*x. Let q be c/(-4) - (-2)/(-4). Suppose -6*s = -2*s - q. What is the units digit of s?
4
Let g(n) = n**2 - 5*n - 3. Let v be g(6). Suppose 42 = -v*z + 5*z. What is the units digit of z?
1
Suppose -2*l - 31 - 131 = 4*b, -3*l = 2*b + 75. Suppose 3*m = -5 - 4. What is the units digit of b/(-4)*(-2)/m?
7
Let f(o) be the first derivative of -o**4/4 + 2*o**3 + 3*o**2/2 - 7*o + 1. Let k be f(6). Let t = k + -8. What is the units digit of t?
3
Suppose 3*g - 5*b = 2*g - 11, -g - 2*b = -10. Suppose -2*v + 93 = -o - g*o, -v = 5*o - 54. What is the units digit of v?
9
Suppose 2*k + 5*f = -19, 4*f - 3 = 3*k + 3*f. Let y be (-24)/1*k/4. What is the units digit of 105/y + 1/4?
9
Let c(f) = -f**2 + 23*f - 18. What is the hundreds digit of c(12)?
1
Let y(w) = 2*w + 8. Let d be y(0). What is the units digit of 1*36/d*2?
9
Let o(u) be the second derivative of -u**5/20 - u**4/6 - 5*u**3/6 - 3*u**2/2 - 2*u. What is the units digit of o(-3)?
1
Suppose 0 = h - 4*r - 53, -2*h = -0*r + 5*r - 54. What is the units digit of h?
7
Let u(k) = 111*k - 2. What is the tens digit of u(1)?
0
Let z be ((-2)/1)/((-1)/2). Suppose z*f - 9 = -1. What is the units digit of f?
2
Let z(r) = -r**3 - 5*r**2 - 5. What is the units digit of z(-6)?
1
Let w(n) = 9*n**2. Suppose 0*o = -3*o + 3. What is the units digit of w(o)?
9
Let l = 156 - 110. What is the tens digit of l?
4
What is the hundreds digit of ((7/21)/1)/((-2)/(-732))?
1
Let t be (160/30)/(2/3). Let b = t + 11. What is the units digit of b?
9
What is the units digit of (11 - 7) + 13*1?
7
Let l be ((-4)/3)/(9/27). What is the tens digit of ((-11)/l)/((-6)/(-48))?
2
Suppose h - r - 126 = 0, -2*h + 252 = 2*r - r. What is the tens digit of h?
2
Suppose 14*u - 117 = 5*u. What is the tens digit of u?
1
Suppose -4*i + 5 = -3. What is the units digit of i?
2
Suppose -3*g = -3*m + 4*m - 16, -m + 2 = g. Let s = g - 6. What is the units digit of s?
1
Suppose -5*v = 3*f - 28, 0 = 2*v - 0*f - 2*f - 8. Suppose v*i = i + 148. What is the tens digit of i?
3
Let q(z) = -z**2 - 7*z + 9. What is the units digit of q(-8)?
1
Suppose -3*y = -4*l - 18, 0 = 6*l - l. Suppose 2*v - 65 = -5*w, -y*w + 4*w + 70 = 3*v. What is the tens digit of v?
2
Suppose y - 32 = 3*y. What is the units digit of (-68)/y - 1/4?
4
Let q(m) = m**2 + 3*m + 3. Let f(w) = -w - 8. Let o be f(-4). What is the units digit of q(o)?
7
Let y(v) be the second derivative of -v**4/12 - v**3 + v**2/2 - v. Let a(x) = x. Let q be a(-6). What is the units digit of y(q)?
1
Let m be 5/5 - (-22 + 2). What is the units digit of (-2 + -1)*(-14)/m?
2
Suppose 0*c + 4*c + 8 = 0. Let u be (8/(-6))/(6/(-45)). Let d = c + u. What is the units digit of d?
8
Suppose 2*c - 20 = -2*c. Suppose r + 0*r + 3*l = -12, -3*l = -3*r + 24. Suppose 2*o + c*u - 1 = -o, -3*u = r*o - 3. What is the units digit of o?
2
Let t(q) = -11*q + 1 + q**2 - 3 + 4. Let f be t(6). Let y = -5 - f. What is the tens digit of y?
2
Suppose u + 0*u - 16 = -4*l, -u - 2 = -2*l. Suppose -4*f - l*i = -0*f - 37, -27 = -3*f - 2*i. What is the units digit of f?
7
Suppose 2*w + 3*j + 6 = 183, -5*w - 3*j + 420 = 0. Suppose q - 4*d = 17, -4*q + 2*d = -w + 13. What is the units digit of q?
7
Suppose 24*h = 25*h - 11. What is the tens digit of h?
1
Suppose 13*p + 144 = 15*p. Let b = p - 35. What is the units digit of b?
7
Let p = 77 - 51. What is the units digit of p?
6
Let m be (-3)/2*(-12)/(-9). Let o be m/6 + (-5)/(-15). Suppose -1 + o = -w. What is the units digit of w?
1
Let b = 28 - 5. Suppose 3 = -6*t + 4*t - c, -5*c = 2*t + b. What is the units digit of t?
1
Suppose 300 = 5*t - 5*d, 3*d - 48 = -3*t + 2*t. What is the units digit of t?
7
Suppose -3*n + 36 = -3*m + m, n + 4*m + 2 = 0. Suppose i - 9 - n = 0. What is the tens digit of i?
1
Let q = 2 - -3. Suppose 3*n = 7 + q. What is the units digit of n?
4
Let w(q) = q**2 + 4*q. What is the units digit of w(-6)?
2
Let u be (-46)/(-14) - (-2)/(-7). Suppose 5*n + 25 = 5*t, 4*t - u*n + n - 14 = 0. Suppose -3*f - 9 = -4*o, 3*f + t = 5. What is the 